s digit of q?
3
Let t be ((-4)/2)/((-9)/(270/4)). Suppose -3*j = t - 30. Suppose 4*a - 5*y - 282 = 0, 0*a + j*y = 5*a - 350. What is the units digit of a?
8
Suppose o - 87 = 4*y, -4*y - 5*o = -8 + 101. Let j = -38 - y. Let l = j + 36. What is the units digit of l?
0
What is the thousands digit of 49/112*-10 + 4 - (-118427)/8?
4
Let w be 119/(-17) - (2 + -4249). Suppose -7*q + 27*q = w. What is the tens digit of q?
1
Let m(r) = -2*r - 33. Let w be m(-30). Let n be 12/27*w/6. Suppose 14 = 7*l - 3*l + n*t, -1 = l - t. What is the units digit of l?
2
Let j = 4636 - 1651. What is the units digit of j?
5
Let y be (-105)/(-10) + ((-15)/(-6) - 1). Suppose 2*b - y*b = -6560. What is the tens digit of b?
5
Suppose 37974 + 26183 = 3*i - 2*y, -2*i - 4*y + 42734 = 0. What is the thousands digit of i?
1
Let x(w) = w**3 + 6*w**2 + 4*w + 72. What is the units digit of x(6)?
8
Let s be -8 + (140/40 - 1/(-2)). What is the units digit of ((-48)/(-18) - 4)*18/s?
6
Suppose -4*r + 58219 = 3*i, 74*r - 76*r + 29111 = i. What is the ten thousands digit of r?
1
Suppose -5*a - 5 = 5, -4*q + 3*a - 86 = 0. Let k(l) = -2*l**2 - 48*l - 19. Let c be k(q). What is the tens digit of (19 + 2)/((-2)/(1 - c))?
7
Let c(g) = 71*g - 271. Let y(v) = 68*v - 273. Let l(d) = 6*c(d) - 7*y(d). What is the tens digit of l(0)?
8
Let k be (-390)/(-54) + (-2)/9. Let i(d) = d**3 - 7*d**2 + 3*d - 14. Let c be i(k). Suppose 12*w - 220 = c*w. What is the units digit of w?
4
Let r(i) = -4*i**3 - 2*i**2 - 2*i - 1. Let c be r(-1). Suppose -458 = -f - 4*a, -a = -4*f + c*a + 1892. What is the hundreds digit of f?
4
Let q = 585 + -583. Suppose -2*t + d = -767, 64*d - 762 = -q*t + 60*d. What is the units digit of t?
3
Let v(w) = w**2 - 2*w + 238. Let r be v(0). Suppose 12*h - 7*h - 121 = 4*y, -y = -3*h + 67. Let d = r - h. What is the units digit of d?
7
Let n(a) = -134*a + 3557. What is the hundreds digit of n(-63)?
9
What is the hundreds digit of 2 - ((-5049363)/689 - (-12)/(-26))?
3
Let i(q) = -q**2 - 8*q - 4. Let z be i(-5). Suppose -4*m + 1977 = -z. What is the units digit of m?
7
Suppose 4*v = -16, 0 = -2*l + v + 26 + 46. Let d = -123 + l. What is the units digit of -11 - d - (0/1 + 1)?
7
Let c(q) be the first derivative of 2*q**3/3 + 654*q - 21. What is the units digit of c(0)?
4
Let r = 309 - -903. Suppose i - r = -3*i. What is the hundreds digit of i?
3
Let b(k) = k**3 + 7*k**2 + 10*k + 6. Let j be (-3 - 1 - -1)*36/27. Let t be b(j). Suppose n - 14 = t. What is the tens digit of n?
2
Suppose 0 = 3*f - 6. Suppose -g = -4*b - 109, 20*g + 2*b = 17*g + 257. Suppose 2*n + g - 15 = j, -f*n + 394 = 5*j. What is the tens digit of j?
7
Let f(l) = -16 - 18*l - 29 + 13*l**2 - 5*l. What is the tens digit of f(-2)?
5
Let a(n) = 119 + n**3 + 932*n**2 - 971*n**2 + 0*n**3 - 22*n. What is the units digit of a(40)?
9
Suppose 4*b - 11*b - 791 = 0. Let k = b + 224. What is the tens digit of k?
1
What is the thousands digit of 32435 - (1/(6/8))/(2/12)?
2
Suppose 0 = 5247*p - 5256*p + 99. Suppose -t + 0*t + 58 = 0. Let d = t - p. What is the tens digit of d?
4
Let t = 506 + -498. What is the hundreds digit of t/28 + (-47650)/(-70)?
6
Suppose -4648 = -z - 4*v + 1172, 4*z - 23343 = 5*v. What is the tens digit of z?
3
Let c(r) = 306*r**2 - 4. Let k be c(2). Suppose -2*x + 1336 = -k. What is the units digit of x?
8
Let x = 4734 - 2722. What is the units digit of x?
2
Let h = 837 + 449. Let l = h + -734. What is the hundreds digit of l?
5
Let h = -81425 - -118304. What is the hundreds digit of h?
8
Let u(a) = -21*a**2 - 22*a - 55. Let h(q) = -64*q**2 - 64*q - 163. Let f(v) = -6*h(v) + 17*u(v). What is the tens digit of f(-5)?
6
Let k(h) = -h**3 - 6*h**2 - 3*h - 9. Let v be k(-6). Let u be (0 - -3*(0 + 1))*1. Suppose -v*x + 12 = -u*x. What is the units digit of x?
2
Let m(b) be the first derivative of -b**4/4 + 5*b**3 - 23*b**2/2 - 16*b + 2. Let s be m(11). Suppose -s = -4*r - 19. What is the units digit of r?
9
Suppose -3*c = -2*g - 4, g + 0*c + 4 = 2*c. Suppose 4*f + 53 + 33 = 3*v, -2*f + g*v = 48. Let k = f + 30. What is the tens digit of k?
1
Let i = -1651 - -7315. What is the thousands digit of i?
5
Suppose -s + 21 - 1 = 0. Let k be -537*(1 + s/(-12))/(-2). Let z = 364 + k. What is the units digit of z?
5
Let b(r) = -r**3 - 5*r**2 - 6*r + 5. Let f be b(-4). Let v(s) = 6*s - 23. What is the units digit of v(f)?
5
Suppose 114*m - 97*m - 327199 = 0. What is the units digit of m?
7
Suppose -3*t + 4*w = 2*t - 6991, -3*t + 4193 = -4*w. Suppose -3*b + 95 = -t. What is the hundreds digit of b?
4
Let y(d) = -11*d + 10. Let x(a) = -4*a**2 + 6*a - 9. Let f be x(2). Let r be y(f). Let l = r - 94. What is the units digit of l?
9
What is the units digit of (-943652)/(-28) + 744/(-868)?
1
Let g be (-1 - (-12)/9) + 6608/12. Suppose -5427 = -4*m - g. What is the hundreds digit of m?
2
Let a(f) = 6*f**2 + 20*f - 18. Suppose 2*z + 8 + 18 = 2*g, -3*g + 30 = -2*z. What is the units digit of a(z)?
8
Let j = 119 + -89. Let x = 107 + j. What is the hundreds digit of x?
1
Suppose 208 = -2*q - 2*u, 0 = -4*q + 5*u - 213 - 158. Let i = 215 + q. Let f = -49 + i. What is the tens digit of f?
6
Suppose 3*j - d = 8*j + 26, 2*j + 11 = -d. Let x be (-30)/(-6)*(-144)/j. Let a = x - 78. What is the units digit of a?
6
What is the tens digit of ((-100390)/(-4))/((-108)/(-216))?
9
Let x(t) = 7*t - 18. Suppose 2*y - 6 = 0, 4*y = 2*j - 4*j + 36. What is the tens digit of x(j)?
6
Let c(b) be the first derivative of 2*b**3 - 3*b - 9 + 2*b**2 + 1/4*b**4. What is the units digit of c(-4)?
3
Let g(t) = -t**3 + 14*t**2 - 36*t - 16. Let w be g(8). Suppose -13*m = 28 - w. What is the units digit of m?
4
Let v = 75 - 58. Suppose -v*i = -21*i + 112. Suppose -i = -3*t + t. What is the tens digit of t?
1
Let y = -188 + 192. Suppose 3*f - 468 = -3*l, -5*l + 761 = -y*f - 10. What is the tens digit of l?
5
Suppose -6*g + 27 = -1491. Suppose 5*s = 3*h - 293, 3*h + 4*s = -s + g. What is the units digit of h?
1
What is the thousands digit of (-16792)/((1 + 0)/(12/(-24)))?
8
Suppose -3*v + 24117 + 65982 = 3*s, v = 5. What is the tens digit of s?
2
Suppose -136*w - 96278 = -149*w. What is the units digit of w?
6
Let m(k) = -15*k - 5. Suppose -14 = 5*c - 3*l, -2*c - 2*l - 11 = -5*l. Let f(z) = -8*z**2 + 9*z + 9. Let j be f(c). What is the hundreds digit of m(j)?
1
Suppose -58*v + 419754 = 10796. What is the hundreds digit of v?
0
Let f = -25 + 34. Suppose 0 = -f*k + 20*k - 2893. What is the tens digit of k?
6
Let x(t) = t**3 - 16*t**2 - 34*t - 21. Let c be x(18). Suppose -4*d + 4*a = -0 + 4, 0 = 5*d + 5*a + c. What is the units digit of 70 - d/(6/9)?
3
Let p(w) = 699*w + 82. Let j be p(2). Let a = -1050 + j. What is the units digit of a?
0
Suppose 15*q - 20*q + 5*p + 40770 = 0, q - 4*p - 8148 = 0. What is the thousands digit of q?
8
Let k be (0 + 28/(-5))*45/(-18). Let t(o) = 15*o + 89. What is the tens digit of t(k)?
9
Suppose -5*d = 8*d - 533. Suppose 46*i - 265 = d*i. Suppose i*x - 57*x = -460. What is the tens digit of x?
1
Let g = -44748 - -97647. What is the thousands digit of g?
2
Let l(u) = 132*u**2 + 118*u + 5. What is the thousands digit of l(-8)?
7
Let z(c) = -c**2 - 3*c + 4. Let x be z(3). Let w = 104 + x. Let h = w - 36. What is the tens digit of h?
5
Suppose 3 = 7*h + 45. What is the tens digit of (-156)/(-26) + 1 + h + 540?
4
Suppose 3*u + 2*u = 15. Suppose t = -u*z + 2*z + 5, 4*z = t - 30. Let q(o) = 7*o - 7. What is the units digit of q(t)?
3
Let t = 25223 - 13912. What is the thousands digit of t?
1
Let p = -29 + 16. Let u(g) be the first derivative of -g**3/3 - 13*g**2/2 + 10*g + 103. What is the tens digit of u(p)?
1
Suppose 2*m - 86*u + 87*u - 56727 = 0, -u = 5*m - 141816. What is the tens digit of m?
6
Suppose 25755 = 4*t + 2*z - 963, t - 6682 = -3*z. What is the hundreds digit of t?
6
Let f(i) = 450*i + 4048. What is the hundreds digit of f(19)?
5
Suppose q + 2*d - 48304 = 0, 5*q + 4*d = 46920 + 194570. What is the thousands digit of q?
8
Let m(h) = -8*h + 57. Let i(f) = -f + 3. Let b(d) = -4*i(d) + m(d). What is the tens digit of b(4)?
2
Suppose 2*k - 8 = -5*g + 4*k, 0 = -2*k + 2. Suppose -2*o = -o - g. Suppose -3*w + 374 = l - 358, 0 = -o*w - 2*l + 492. What is the units digit of w?
3
Let n(t) = -46 + t**2 - 16*t + 134 + 8*t. What is the units dig